at is the remainder when 13 is divided by l?
6
Let k = 4 - -18. Suppose -3*r = -k - 179. Calculate the remainder when r is divided by (69/6)/(3/6).
21
Suppose 3*t + 6 = -0. Calculate the remainder when 7 is divided by t/(-4) + 6/4.
1
Let z = 81 - 48. What is the remainder when z is divided by 138/8 - 2/8?
16
Let k = 58 + -25. Calculate the remainder when k is divided by 17.
16
Suppose n + 4*w = -w + 25, 0 = n - 4*w + 11. Let k(x) = 8*x**3 - 2*x**2 + 2*x - 1. What is the remainder when k(1) is divided by n?
2
Let m(y) = -6*y - 17. What is the remainder when 36 is divided by m(-5)?
10
Suppose 0 = -3*f + 5*f - 36. What is the remainder when 50 + (-12)/(-4) - 1 is divided by f?
16
Suppose 0 = -4*s + 70 - 334. Let u = -14 - s. Calculate the remainder when u is divided by 27.
25
Suppose -102 - 106 = -4*y. Calculate the remainder when y is divided by 18.
16
Suppose -3*b = 4*n + 273, 0*b = -4*b + 2*n - 386. Let m = 142 + b. Calculate the remainder when m is divided by 25.
22
Suppose -11*f + 8*f + 162 = 0. Calculate the remainder when f is divided by 11.
10
Let g = -5 + 9. What is the remainder when 1/(-3) + (-637)/(-21) is divided by (-7 - g)/(1*-1)?
8
Let v(o) = o**2 + 13*o - 30. What is the remainder when v(-17) is divided by 10?
8
Let h = 4 + -7. Calculate the remainder when 12 is divided by h*((-14)/3)/2.
5
Suppose 1 = -v - 9. Let f(x) = x**2 + 3. Let w(p) = -p**2 + p - 4. Let k(z) = 4*f(z) + 3*w(z). What is the remainder when k(v) is divided by 18?
16
Suppose 3*q = -2*q + 215. Calculate the remainder when q is divided by 12.
7
Let t = -10 + 21. Suppose -4*s - g + 7 = -2*g, -19 = -3*s - 2*g. Calculate the remainder when t is divided by s.
2
Let i = 71 + -39. What is the remainder when 94 is divided by i?
30
Let c(i) = 5*i - 13. What is the remainder when 122 is divided by c(11)?
38
Let g(x) = -2*x**2 + 1. Let h(f) = f**3 - 4*f**2 + 2. Let t(c) = -5*g(c) + 3*h(c). What is the remainder when t(3) is divided by 22?
20
Suppose -2*v - 2*o - 4 = 0, 2*v + 4*o + 12 = -0*o. Calculate the remainder when v is divided by 2/(-1) + (2 - -1).
0
Suppose -6 = -3*b + 6. Suppose 7 = 2*p - 5*x, p + b - 1 = -4*x. What is the remainder when 1 is divided by p?
0
What is the remainder when ((-12)/15)/(2/(-55)) is divided by 12?
10
Let u(s) = s**2 + 6*s + 5. Let i be u(-6). Suppose i = 2*g - 19. What is the remainder when g/8 + 46/4 is divided by 7?
6
Let o(v) = -v**3 - 3*v**2 - 4*v - 2. What is the remainder when o(-3) is divided by 12*(7/3 + -2)?
2
Suppose 0*a + 70 = 5*a. What is the remainder when a is divided by 9?
5
Let s = 46 - 37. What is the remainder when 52 is divided by s?
7
Let c(w) = 17*w**3 + 3*w**2 - 2*w**2 - 21*w**3. What is the remainder when c(-1) is divided by 2?
1
Let r = 4 + -2. Let d be 8 - (0 - (r - -1)). Let h = d + -5. What is the remainder when 21 is divided by h?
3
Calculate the remainder when (2/(-2))/((-4)/88) is divided by 2*(1 + 2 + 3).
10
Suppose -4*c + b = -b - 68, 0 = -c - b + 23. Calculate the remainder when 37 is divided by c.
18
Let y(u) = 2*u**2 + 17*u + 7. Let n be y(-11). Let q = n + -37. What is the remainder when q is divided by 7?
4
Let i = -10 + 17. Let o(t) = -4*t**3 - 6*t**2 - 3 - t + 4*t**3 - 2*t**3 + t**3. Calculate the remainder when i is divided by o(-6).
1
Let n be 1*(-13)/2*-2. Let f = n + -3. What is the remainder when f is divided by 6?
4
Let v = 12 - 5. Let m(d) = -d**3 + 4*d**2 + 9*d - 9. Let o be m(6). Let t = 39 + o. Calculate the remainder when t is divided by v.
5
Let k(q) = -q + 23. Calculate the remainder when k(7) is divided by 3.
1
Let t(q) = 3*q - 2. Let l be t(2). Suppose 48 = l*x - 136. What is the remainder when x is divided by 12?
10
Suppose -k - 3*c = -4*k + 69, -56 = -2*k - 3*c. Suppose 4*z + 3069 = 35*z. What is the remainder when z is divided by k?
24
Let m = -60 - -69. What is the remainder when 26 + -1*0/1 is divided by m?
8
Let l(t) = 2*t**3 + 9*t**2 - 5*t + 1. What is the remainder when l(-5) is divided by 1?
0
Let g = -53 - -129. Calculate the remainder when g is divided by 27.
22
Let d = 92 - 55. Let z = d - 21. Let c(f) = 10*f - 3. Calculate the remainder when c(5) is divided by z.
15
Suppose 3*w = 2*r - 13 - 16, -5*r = 4*w - 61. Suppose -q = -6 + 2, 103 = 3*k - 2*q. What is the remainder when k is divided by r?
11
Suppose -2*h - 2*y = -18, 4*h = 2*h - 5*y + 18. Suppose -2*m + 105 = m. What is the remainder when m is divided by h?
8
Suppose 2*h + 117 = 5*h. What is the remainder when h is divided by 256/12 - (3/9 + 0)?
18
Let d(r) = -r**3 + r - 1. What is the remainder when d(-3) is divided by 4?
3
Calculate the remainder when 323 is divided by (-32)/(-112) + 376/7.
53
Suppose -q = 3*q - 152. Suppose 0 = 6*w - 7*w + 13. What is the remainder when q is divided by w?
12
Let f(m) = -3*m + m**3 + 10*m + 9 - m**2 - m**2 - 5*m**2. Let a = -20 - -28. What is the remainder when f(6) is divided by a?
7
Let y be ((-1)/(-2))/((-2)/12). Suppose -5*i - 11 = 9. What is the remainder when 10 is divided by (i - -1)*4/y?
2
Suppose 2*s + 3 = 13. What is the remainder when 18 is divided by s?
3
Suppose -20 = -2*f + 2*r, 4*r - 2 - 3 = -5*f. Suppose -56 + 6 = -3*g + f*b, 0 = -3*g - b + 26. Calculate the remainder when g is divided by (16/10)/(2/5).
2
Suppose -39 = -4*n - 5*y - 13, 5*n - 5*y - 55 = 0. Let a(g) = 27*g - 1. Calculate the remainder when a(1) is divided by n.
8
What is the remainder when -18 + 24 - 2/(-2)*3 is divided by 3?
0
Let b(i) = -i**2 - 19*i - 21. What is the remainder when b(-14) is divided by 26?
23
Let i be (2*-1)/((-3)/(-6)). Calculate the remainder when (2 + -27)*(i + 2) is divided by -1*(3/3 + -18).
16
Let b be (1 + 0)/(1 + 0). Calculate the remainder when -2*1 + 40 + b is divided by 14.
11
Let o = -92 + 148. What is the remainder when o is divided by 19?
18
Suppose 0 = -4*d + 53 - 17. Suppose 0 = z - d. What is the remainder when 25 is divided by z?
7
Calculate the remainder when ((-246)/10 - -1)*20/(-8) is divided by 21.
17
Let b be -3 - (-4 - 2*-1). Let k = 6 + b. Let q = 7 - k. Calculate the remainder when 4 is divided by q.
0
Suppose q - 17 + 0 = 0. Let g = 44 - q. Suppose 3*j + 6 = 0, -5*m - 2*j = 2*j - 62. Calculate the remainder when g is divided by m.
13
Let z(u) = 3*u**3 - 3*u**2 + 2*u - 1. Let j = 5 + -3. Calculate the remainder when 27 - (-1 + (0 - -1)) is divided by z(j).
12
Suppose 2*x + s = -3*x + 97, 2*x - 42 = -2*s. Let g = -100 - -148. Suppose 0 = 2*v - g - 24. What is the remainder when v is divided by x?
17
Suppose -4*o = 1 - 17, o = -2*k + 104. Calculate the remainder when k is divided by 13.
11
What is the remainder when 44 is divided by (4 - 1) + -1 + 10?
8
Let o(g) be the third derivative of g**4/24 + g**3/6 + g**2. What is the remainder when 15 is divided by o(7)?
7
Suppose 0 = 4*z - 20. Let h = -31 + 43. Calculate the remainder when h is divided by z.
2
Suppose -74 + 21 = -z. Calculate the remainder when z is divided by (8/14)/((-54)/(-1323)).
11
What is the remainder when 8 is divided by 1/8*6*4?
2
Let d be (4/(-4))/1*3. Let k = 12 + d. What is the remainder when 34 is divided by k?
7
Let n(h) = -7*h + 4. Let f be n(-8). Let o = f - 42. Calculate the remainder when o is divided by 7.
4
Suppose 0 = -3*d + 2*d + 14. Let p be 2/3 + (-26)/(-6). Suppose 72 = p*a - 58. What is the remainder when a is divided by d?
12
Let w(m) = m**3 + 13*m**2 - 7*m + 17. Let l be w(-13). Let o = l + -62. Calculate the remainder when o is divided by 16.
14
Let o(h) = h + 13. Calculate the remainder when 14 is divided by o(-8).
4
Let o = 141 + -96. Suppose 2*p = 5*s - 33, 5*p + o = 7*s - 2*s. Let x = -17 + 26. Calculate the remainder when x is divided by s.
4
Let m be 3/(-1) - -1 - -7. Let o(u) be the second derivative of u**5/20 - 5*u**4/12 + 2*u**3/3 - 3*u**2 - u. What is the remainder when 41 is divided by o(m)?
13
Let m = 5 - -22. Let q = -22 - -6. Let l = m + q. What is the remainder when l is divided by 6?
5
Suppose 4*u = 2*j + 20, 3*u = 2*j - 3*j. Let t = -2 - j. Suppose 4*a - 60 = i, -3*a - t*i = -2*i - 34. What is the remainder when 26 is divided by a?
12
Suppose 0 = -2*l + 11 - 3. Suppose -5*d - l*k + 37 = -196, -178 = -4*d + k. Calculate the remainder when d is divided by 16.
13
What is the remainder when 2/(-3) + (-26)/(-3)*4 is divided by 7?
6
Let l(c) = -c**3 - 9*c**2